ate 11 - 7 - -11 - (9 + -15 - 0).
21
19 + (6 - (-14 - -21))
18
Calculate -7 - (-21 + 19 + -1).
-4
Calculate 9 - (-11 - -34 - 9).
-5
Calculate 1 + -15 - (-13 + -38 - -40).
-3
What is -3 + 1 - (4 - (-23 + 21))?
-8
0 + (9 - -3) + (-15 - 5)
-8
What is (-8 - -25) + -8 + -15?
-6
Evaluate (-16 + 36 - -14) + -12 + -2.
20
What is the value of -17 + 12 + -10 + (0 - -3)?
-12
What is (-18 - -23) + 1 + 3?
9
What is 7 + (-27 - -24) - 5?
-1
500 - 511 - (2 + -37)
24
What is -4 + 1 - -17 - 14?
0
What is 7 - (36 + (-15 - 11))?
-3
-8 + 18 - -18 - -7
35
Evaluate 13 + -1 + -25 + -16 + 33.
4
What is the value of -22 + 4 + (-2 - 3) + 9?
-14
What is 13 - ((99 - 102) + 0 + 9)?
7
Calculate -7 - (23 + -38 + 14).
-6
Calculate -81 + 19 + 62 + (-2 - (1 + -1)).
-2
3 - (80 - 97 - (-30 + -1))
-11
Evaluate 26 + (40 - 61) + (-1 - -14 - 1).
17
Calculate -10 + 12 + (0 - -11) + 13 + -7.
19
Calculate -13 + 17 + (-13 - -1) + (16 - -3).
11
What is the value of (19 - 56) + 20 + 28?
11
What is (-1 + 1 - (480 + -513)) + -1 + 1?
33
Calculate (0 - (6 + -3)) + (7 - 13).
-9
Calculate 3 + -5 + 29 + -66 + 28 + 48.
37
What is -8 - ((-19 - -30) + -4 - 4)?
-11
Calculate (22 - 55 - -12) + 25.
4
What is the value of -16 + 20 + 6 + -28?
-18
Calculate (237 - 218) + (0 - 16) - 34.
-31
What is the value of 15 - 0 - (-89 + 56 - -30)?
18
-24 + 24 - (-3 + -1 - -1)
3
What is the value of (235 - 249) + -1 + 7 - -3?
-5
(-7 - (-56 + 18)) + -12
19
What is 2 + 1 - -2 - 1?
4
What is the value of (-11 - (11 + (-12 - 10) + 5)) + 16?
11
What is 2 - 5 - (-13 + (5 - (1 - -3)))?
9
Calculate -21 - (-28 - (-43 - -20)).
-16
Evaluate -10 - (-5 + 5 - ((6 - 4) + 1)).
-7
-9 + 6 + 19 + -6 - 16
-6
5 + -6 - (-5 + 10 - 5)
-1
What is the value of -3 + (5 - 2 - 13 - -1)?
-12
Evaluate (43 - (-18 - -42)) + -3.
16
Calculate 15 - 30 - 1 - -11.
-5
Calculate 2 + 3 - 6 - ((-13 - -20) + -10).
2
(3 - 6) + 11 + (12 - (27 + -24))
17
Evaluate -6 + (7 + -10 + 16 - 9).
-2
What is (-16 - (-11 - (2 - 8))) + 6 + -7?
-12
Evaluate (7 - (8 - 4)) + -4 + 0 - -11.
10
What is the value of -9 - -5 - -6 - (-5 + -12)?
19
-12 - (-14 + 0 - (93 - 134))
-39
Calculate (13 + -1 - -13) + -10.
15
What is -970 - -922 - (-36 - -1)?
-13
33 + -24 + (-31 - -13)
-9
Evaluate 99 + -80 - (3 + -1).
17
What is the value of 5 - (2 + 11) - (14 + -23)?
1
Calculate 2 + 3 - (9 + (-6 - (6 + -10))).
-2
What is (2 - 4) + -1 + (1 - 10) + 14?
2
Calculate 4 - (2 + 8) - -8.
2
What is the value of -3 - -10 - (-4 - (-10 + -1))?
0
What is the value of -40 - -10 - -18 - (-8 + 8)?
-12
(2 - (4 + (-10 - -1) + 4)) + -9
-6
Calculate -10 + (-19 - -31) + 1 + -1.
2
Calculate -18 + (4 - -6 - (1 + -10)).
1
What is -123 + 109 - (-32 + -5 + 1)?
22
What is the value of 12 + (0 - (6 - -5)) + 9?
10
What is 30 + -4 - (282 + -272)?
16
What is -14 + (11 - -3) + 17 + 4?
21
What is the value of -16 - (44 + -30 - (23 + -1))?
-8
7 - (9 + -13) - 11 - 9
-9
What is 9 + 14 + -22 + 2?
3
What is the value of (39 + -32 + -1 + -1 - 2) + -21?
-18
What is 4 + -6 + -4 + 14 + -10?
-2
Evaluate (7 - 16) + 8 + -2 + 14 + 3.
14
What is -12 - 0 - (57 + -23 - 56)?
10
What is (2 + 5 - (-12 + 15) - 10) + -9?
-15
Calculate 6 - (27 + 3 + 3 - (130 + -135)).
-32
31 - 27 - -8 - -13
25
-1 + -11 - (-45 + -8 + 55)
-14
What is 4 - (1 + 15 - (351 + -349))?
-10
Calculate 3 + (1 - 3) + -14 + 3 + 13.
3
What is 15 + -1 + -10 + (-12 - (11 + -34))?
15
-12 - (-12 - 6) - (12 + -20)
14
Calculate 1 + 22 + -2 + -6.
15
What is 20 - (-14 + 20 + 11)?
3
Calculate (-2 - -3 - -16) + (50 - (-8 - -49)).
26
10 + (16 - 40) + 5
-9
Calculate -7 - (-3 - (33 - (-14 + 31))).
12
Evaluate 5 - 4 - 1 - (-20 - -19).
1
What is 17 + (7 - -19) + -21 + (0 - -1)?
23
What is -17 + 23 + -12 - (-2 - -3 - -2)?
-9
15 - (-4 - 3 - -9)
13
What is -16 - (-6 + (-4 - -10) - 0)?
-16
Evaluate -16 + 11 + 3 + 11.
9
What is the value of 27 - 22 - (-2 - (-1 + 0))?
6
Evaluate 1 - (11 - (16 - 14)).
-8
Calculate (-13 - (14 - (20 - 4))) + 16.
5
What is the value of 30 + (21 - 23) - 22?
6
Calculate (-18 + -1 - -11) + (5 - -1 - -3).
1
What is -2 - 1 - 10 - (-155 - -156)?
-14
6 + -19 - -24 - (3 + 1)
7
-26 - -3 - (11 - (3 + -10 + 29))
-12
What is the value of (-7 - -4) + -5 - (-2 + 12) - -7?
-11
Evaluate -27 + (-5 - (8 + -1)) + 24.
-15
Evaluate (12 - 32) + 4 + 4.
-12
Evaluate -6 + (0 - 19 - -16).
-9
Evaluate -4 + 2 - (-25 - -11).
12
What is the value of 12 - (9 + -6 + (-7 - (4 + -14)))?
6
Calculate -5 - ((-3 + 1 - (45 + -41)) + -1).
2
What is -4 + 2 + 11 + (-26 - (-66 + 33))?
16
-1 + 2 + -31 + (-11 - -33)
-8
(1 - 14) + (188 - 139)
36
What is 2 + 0 + (-7 - (8 - 2) - -9)?
-2
Evaluate (7 - ((7 - 11 - -21) + -7)) + 13.
10
What is 15 + -26 - (-2 - (-1 + -3)) - 3?
-16
Evaluate -1 + -1 + 2 + -4 - (-22 + 28).
-10
What is (-201 - -189) + 1 + 0?
-11
1 + -6 - (8 - 20 - -19)
-12
What is -370 + 378 + (-2 - 0 - -4)?
10
What is 41 + -42 - (-3 + 2 + (-6 - -3))?
3
What is -3 + 0 + (-10 - ((15 - 5) + -24))?
1
What is 69 + -23 + 18 - 26?
38
Evaluate (15 - (30 - 0)) + -12 - 2.
-29
What is the value of 13 + -3 + (1 - 3 - -4) + 4?
16
Calculate -9 - -3 - (-3 + -14 + 10).
1
What is the value of -6 - -5 - (8 + -7 - 3 - 10)?
11
Calculate -21 + -18 + 29 + 19.
9
-8 + 18 + -9 + -12
-11
What is the value of -1 + -23 + (-631 - -660)?
5
Evaluate (48 - (-13 - -33)) + -57.
-29
Calculate -247 + 278 + (-25 - 4).
2
Evaluate 27 + (42 - 23) - 43.
3
Evaluate (46 - 57) + -13 + (-5 - (2 + 0)).
-31
What is the value of 18 + (4 + -56 - -16) - (-3 + -1)?
-14
What is the value of -25 + 18 + -3 + -9 - -4?
-15
Evaluate -10 - 0 - (6 + -1) - -4.
-11
Calculate 40 - (59 + (-15 - -2)).
-6
Evaluate -2 + (2 - (-1 - (5 + 5 + -9))).
2
Evaluate 16 + -8 + (-15 - (-15 + -16)).
24
What is the value of -18 - (-5 - (0 + 1))?
-12
Evaluate (14 - -3 - 22) + -24 + 23.
-6
What is (25 - 24) + (-1 - 13) + 3?
-10
What is 33 - 26 - 8 - -2?
1
What is the value of 4 - (5 - 2) - (-74 - -61)?
14
6 - (1 + -8 + 3) - -3
13
Calculate (-1 - -13) + -101 + 84 - 5.
-10
Evaluate (0 - 1 - 2 - -12) + -3 - 4.
2
5 + -8 + 5 + 0 - (2 - 9)
9
Calculate 1 + 1 - (207 - 196).
-9
(-5584 - -5616) + (0 - (-1 + 10))
23
What is -2 + (-17 + 30 + 27 - (2 - -7))?
29
Calculate (3 - -21) + -17 - 33.
-26
(-3 - (2 + -7 + -3) - -7) + -3
9
-4 - (1 - -5) - (-33 + 38)
-15
-37 - (52 + -39 - 81)
31
What is 10 - ((27 + -7 - 1) + 14)?
-23
What is the value of -2 - (2 + -3 + -3) - -4 - -2?
8
-5 - 7 - -4 - -17
9
What is the value of (-23 - -14) + 1 + 6 + -12 + 2?
-12
1 + -7 + 15 + 2 + -12
-1
(-4 + (-9 - -4) - -5) + 7
3
What is -7 + 10 + -3 - (-2 + (21 - 0))?
-19
What is 3 - (5 - (-10 - -4)) - 7?
-15
What is -2 + 128 + -148 + (0 - (-2 - -1))?
-21
What is -14 - (-23 + (12 - -2)) - -1?
-4
Calculate 12 + -7 + -10 + -7.
-12
What is 6 - (-17 + 11 + 2 + -5)?
15
7 - 27 - -32 - -11
23
Calculate 1 + -14 + (12 - 15).
-16
What is -12 + -7 + 15 + 4 + -17?
-17
What is (-25 - (-2 + -23)) + -2 + 28 + 2?
28
What is -1 - (0 + -18) - (36 + -39 + 9)?
11
What is 22 - 20 - (-1 + 0 + 3)?
0
What is the value of 7 + -2 + (-160 - -186) + -6?
25
What is 7 - (43 - (8 - (-8 + 8) - 10))?
-38
5 + 13 + -12 + 13 + -24
-5
Evaluate (-13 + 4 - (-4 + 1 + -32)) + 0.
26
-10 + 4 + 9 - 7
-4
What is the value of -26 + -9 + 3 + 6 + 9?
-17
Calculate 63 - 54 - (-1 - (4 - (17 - -1))).
-4
What is 10 + 9 + (-2 - 3)?
14
Calculate -13 + 43 - 5 - (-22 + 31).
16
What is the value of 3 - 18 - -3 - (4 - 4)?
-12
Calculate (-54 - -90) + -10 - (1 + 3).
22
What is the value of -12 + -9 + 6 - -6?
-9
Calculate (3 - -6 - (0 - -1)) + (-10764 - -10766).
10
15 - (2 - -5) - -8
16
What is the value of -21 - (5 + -43 + 30)?
-13
24 + -66 + 12 + 18
-12
-17 + -18 + 4 + 5 - -1
-25
2 - (10 + -5 + 4 + -3) - 1
-5
What is -45 + (32 - (16 - -9))?
-38
What is the value of 6 - (-1 - (-7 - -9))?
9
1 + 0 + (-35 - (-28 - -2))
-8
Calculate -7 - (0 + -13) - (0 - -23).
-17
What is the value of -6 - -2 - (-4 + -4 + 12 + -8)?
0
Calculate 1 + -4 + 8 + -2 + -10.
-7
Evaluate -2 - (3 - 13) - (-1 + 1 + 14).
-6
What is 3 + (-9 - 0) + 8 + 7?
9
1 + 30 + (-1 - 0) + -196 + 193
27
What is the value of (-3 + -1 + -13 + 9 - -8) + 21?
21
What is the value of 5 - (0 + 22 + -15 + 6)?
-8
(-22 - -14) + 6 - (-14 - -2)
10
Evaluate (-24 - (-5 - -3) - -3 - -6) + 3.
-10
Calculate 3 + 8 - 21 - (-4 + -1 + 2).
-7
Calculate (13 + 1 + 5 - 3) + 0.
16
(5 + -3 - 18) + 24 + -10
-2
Evaluate (-1 - -2) + -7 - (25 + -36 + 0).
5
What